{"id":469,"date":"2018-08-21T14:36:43","date_gmt":"2018-08-21T12:36:43","guid":{"rendered":"http:\/\/www.expercia.fr\/pro\/expertise-immobiliere\/evaluation-de-bureaux\/"},"modified":"2018-09-11T15:51:01","modified_gmt":"2018-09-11T13:51:01","slug":"evaluation-de-bureaux","status":"publish","type":"page","link":"http:\/\/www.expercia.fr\/pro\/expertise-immobiliere\/evaluation-de-bureaux\/","title":{"rendered":"Evaluation de bureaux"},"content":{"rendered":"<div class=\"flex_column av_one_full  flex_column_div av-zero-column-padding first   \" style='margin-top:-50px; margin-bottom:0; border-radius:0px; '><div class='avia-image-container  av-styling-     avia-align-center '  itemscope=\"itemscope\" itemtype=\"https:\/\/schema.org\/ImageObject\"  ><div class='avia-image-container-inner'><img class='avia_image ' src='http:\/\/www.expercia.fr\/pro\/wp-content\/uploads\/sites\/5\/2018\/09\/local-pro-general-1500x383.jpg' alt='' title='local-pro-general'   itemprop=\"thumbnailUrl\"  \/><\/div><\/div><\/div>\n<div class=\"flex_column av_one_third  flex_column_div av-zero-column-padding first  \" style='border-radius:0px; '><div class='avia-builder-widget-area clearfix '><section id=\"nav_menu-2\" class=\"widget clearfix widget_nav_menu\"><div class=\"menu-menu-expertise-immo-container\"><ul id=\"menu-menu-expertise-immo\" class=\"menu\"><li id=\"menu-item-482\" class=\"menu-item menu-item-type-post_type menu-item-object-page menu-item-has-children menu-item-482\"><a href=\"http:\/\/www.expercia.fr\/pro\/expertise-immobiliere\/\">Expertise immobili\u00e8re<\/a>\n<ul class=\"sub-menu\">\n\t<li id=\"menu-item-488\" class=\"menu-item menu-item-type-post_type menu-item-object-page menu-item-488\"><a href=\"http:\/\/www.expercia.fr\/pro\/expertise-immobiliere\/evaluer-un-droit-au-bail\/\">Evaluer un droit au bail<\/a><\/li>\n\t<li id=\"menu-item-489\" class=\"menu-item menu-item-type-post_type menu-item-object-page menu-item-489\"><a href=\"http:\/\/www.expercia.fr\/pro\/expertise-immobiliere\/evaluation-dentrepots\/\">Evaluation d&rsquo;entrep\u00f4ts<\/a><\/li>\n\t<li id=\"menu-item-483\" class=\"menu-item menu-item-type-post_type menu-item-object-page menu-item-483\"><a href=\"http:\/\/www.expercia.fr\/pro\/expertise-immobiliere\/evaluation-dactifs-immobiliers\/\">Evaluation d&rsquo;actifs immobiliers<\/a><\/li>\n\t<li id=\"menu-item-484\" class=\"menu-item menu-item-type-post_type menu-item-object-page menu-item-484\"><a href=\"http:\/\/www.expercia.fr\/pro\/expertise-immobiliere\/evaluation-de-bureaux\/\">Evaluation de bureaux<\/a><\/li>\n\t<li id=\"menu-item-485\" class=\"menu-item menu-item-type-post_type menu-item-object-page menu-item-485\"><a href=\"http:\/\/www.expercia.fr\/pro\/expertise-immobiliere\/evaluation-de-locaux-commerciaux\/\">Evaluation de locaux commerciaux<\/a><\/li>\n<\/ul>\n<\/li>\n<\/ul><\/div><span class=\"seperator extralight-border\"><\/span><\/section><\/div><\/div>\n<div class=\"flex_column av_two_third  flex_column_div    \" style='padding:15px 30px 15px 30px ; background-color:#ffffff; border-radius:0px; '><section class=\"av_textblock_section \"  itemscope=\"itemscope\" itemtype=\"https:\/\/schema.org\/CreativeWork\" ><div class='avia_textblock  '   itemprop=\"text\" ><h1>Evaluation de bureaux<\/h1>\n<p style=\"text-align: justify;\">Le calcul du prix de vente de bureaux doit prendre en compte diff\u00e9rents crit\u00e8res aff\u00e9rents non seulement au bien immobilier en lui-m\u00eame, mais aussi \u00e0 des \u00e9l\u00e9ments ext\u00e9rieurs.<\/p>\n<p>A ce titre la valorisation d\u2019un tel bien doit s\u2019analyser par :<\/p>\n<ul>\n<li>Sa situation g\u00e9ographique ou qualit\u00e9s extrins\u00e8ques : proximit\u00e9 des transports, station de bus, de m\u00e9tro, prix au m2 de ce type de bien dans la ville, dans le quartier\u2026<\/li>\n<li>Ses particularit\u00e9s ou qualit\u00e9s intrins\u00e8ques : son \u00e9tat, sa capacit\u00e9 d\u2019adaptabilit\u00e9, type de construction, ascenseurs, parkings, r\u00e8glementation d\u2019urbanisme\u2026<\/li>\n<\/ul>\n<\/div><\/section><\/div>\n","protected":false},"excerpt":{"rendered":"","protected":false},"author":2,"featured_media":0,"parent":239,"menu_order":1,"comment_status":"closed","ping_status":"closed","template":"","meta":{"footnotes":""},"class_list":["post-469","page","type-page","status-publish","hentry"],"_links":{"self":[{"href":"http:\/\/www.expercia.fr\/pro\/wp-json\/wp\/v2\/pages\/469","targetHints":{"allow":["GET"]}}],"collection":[{"href":"http:\/\/www.expercia.fr\/pro\/wp-json\/wp\/v2\/pages"}],"about":[{"href":"http:\/\/www.expercia.fr\/pro\/wp-json\/wp\/v2\/types\/page"}],"author":[{"embeddable":true,"href":"http:\/\/www.expercia.fr\/pro\/wp-json\/wp\/v2\/users\/2"}],"replies":[{"embeddable":true,"href":"http:\/\/www.expercia.fr\/pro\/wp-json\/wp\/v2\/comments?post=469"}],"version-history":[{"count":4,"href":"http:\/\/www.expercia.fr\/pro\/wp-json\/wp\/v2\/pages\/469\/revisions"}],"predecessor-version":[{"id":769,"href":"http:\/\/www.expercia.fr\/pro\/wp-json\/wp\/v2\/pages\/469\/revisions\/769"}],"up":[{"embeddable":true,"href":"http:\/\/www.expercia.fr\/pro\/wp-json\/wp\/v2\/pages\/239"}],"wp:attachment":[{"href":"http:\/\/www.expercia.fr\/pro\/wp-json\/wp\/v2\/media?parent=469"}],"curies":[{"name":"wp","href":"https:\/\/api.w.org\/{rel}","templated":true}]}}