{"id":685,"date":"2018-09-11T10:37:45","date_gmt":"2018-09-11T08:37:45","guid":{"rendered":"http:\/\/www.expercia.fr\/pro\/conseil-en-cession\/"},"modified":"2018-09-17T11:38:01","modified_gmt":"2018-09-17T09:38:01","slug":"conseil-en-cession","status":"publish","type":"page","link":"http:\/\/www.expercia.fr\/pro\/conseil-en-cession\/","title":{"rendered":"Conseil en cession"},"content":{"rendered":"<div class=\"flex_column av_one_full  flex_column_div av-zero-column-padding first   \" style='margin-top:-50px; margin-bottom:0; border-radius:0px; '><div class='avia-image-container  av-styling-     avia-align-center '  itemscope=\"itemscope\" itemtype=\"https:\/\/schema.org\/ImageObject\"  ><div class='avia-image-container-inner'><img class='avia_image ' src='http:\/\/www.expercia.fr\/pro\/wp-content\/uploads\/sites\/5\/2018\/09\/conseil-cession-acquisition-header-1500x383.jpg' alt='' title='conseil-cession-acquisition-header'   itemprop=\"thumbnailUrl\"  \/><\/div><\/div><\/div>\n<div class=\"flex_column av_one_third  flex_column_div av-zero-column-padding first  \" style='border-radius:0px; '><div class='avia-builder-widget-area clearfix '><section id=\"nav_menu-4\" class=\"widget clearfix widget_nav_menu\"><div class=\"menu-menu-conseil-container\"><ul id=\"menu-menu-conseil\" class=\"menu\"><li id=\"menu-item-708\" class=\"menu-item menu-item-type-post_type menu-item-object-page menu-item-708\"><a href=\"http:\/\/www.expercia.fr\/pro\/conseil-en-acquisition\/\">Conseil en acquisition<\/a><\/li>\n<li id=\"menu-item-709\" class=\"menu-item menu-item-type-post_type menu-item-object-page menu-item-709\"><a href=\"http:\/\/www.expercia.fr\/pro\/conseil-en-cession\/\">Conseil en cession<\/a><\/li>\n<\/ul><\/div><span class=\"seperator extralight-border\"><\/span><\/section><\/div><\/div>\n<div class=\"flex_column av_two_third  flex_column_div    \" style='padding:15px 30px 15px 30px ; background-color:#ffffff; border-radius:0px; '><section class=\"av_textblock_section \"  itemscope=\"itemscope\" itemtype=\"https:\/\/schema.org\/CreativeWork\" ><div class='avia_textblock  '   itemprop=\"text\" ><h1>Cession<\/h1>\n<h2>Le projet de cession<\/h2>\n<p style=\"text-align: justify;\">Durant la premi\u00e8re phase, nous proc\u00e9dons \u00e0 la valorisation de votre soci\u00e9t\u00e9 et \u00e0 son audit. Il s\u2019agit pour nous de comprendre son march\u00e9, ses atouts, ses faiblesses mais \u00e9galement de ma\u00eetriser l\u2019organisation interne de la soci\u00e9t\u00e9.<\/p>\n<h2>La mission<\/h2>\n<p style=\"text-align: justify;\">Nous r\u00e9digeons ici la lettre de mission comprenant l\u2019ensemble des modalit\u00e9s de cession et le p\u00e9rim\u00e8tre de confidentialit\u00e9.<\/p>\n<h2>Recherche des acqu\u00e9reurs<\/h2>\n<p style=\"text-align: justify;\">A travers notre r\u00e9seau d\u2019affaires et une recherche active, nous proc\u00e9dons \u00e0 la pr\u00e9sentation de la soci\u00e9t\u00e9 sous couvert bien \u00e9vident d\u2019accord de confidentialit\u00e9.<\/p>\n<h2>N\u00e9gociation<\/h2>\n<p style=\"text-align: justify;\">Cette partie doit nous permettre d\u2019obtenir les meilleures modalit\u00e9s et conditions pour notre client. Nous analysons l\u2019ensemble des propositions et discutons directement avec les potentiels acqu\u00e9reurs des points d\u2019am\u00e9liorations.<\/p>\n<h2>Finalisation de l\u2019op\u00e9ration<\/h2>\n<p style=\"text-align: justify;\">Notre mission s\u2019ach\u00e8ve apr\u00e8s transmission de l\u2019accord aux conseils des parties et de la concr\u00e9tisation de la cession.<\/p>\n<\/div><\/section><\/div>\n","protected":false},"excerpt":{"rendered":"","protected":false},"author":2,"featured_media":0,"parent":0,"menu_order":2,"comment_status":"closed","ping_status":"closed","template":"","meta":{"footnotes":""},"class_list":["post-685","page","type-page","status-publish","hentry"],"_links":{"self":[{"href":"http:\/\/www.expercia.fr\/pro\/wp-json\/wp\/v2\/pages\/685","targetHints":{"allow":["GET"]}}],"collection":[{"href":"http:\/\/www.expercia.fr\/pro\/wp-json\/wp\/v2\/pages"}],"about":[{"href":"http:\/\/www.expercia.fr\/pro\/wp-json\/wp\/v2\/types\/page"}],"author":[{"embeddable":true,"href":"http:\/\/www.expercia.fr\/pro\/wp-json\/wp\/v2\/users\/2"}],"replies":[{"embeddable":true,"href":"http:\/\/www.expercia.fr\/pro\/wp-json\/wp\/v2\/comments?post=685"}],"version-history":[{"count":7,"href":"http:\/\/www.expercia.fr\/pro\/wp-json\/wp\/v2\/pages\/685\/revisions"}],"predecessor-version":[{"id":796,"href":"http:\/\/www.expercia.fr\/pro\/wp-json\/wp\/v2\/pages\/685\/revisions\/796"}],"wp:attachment":[{"href":"http:\/\/www.expercia.fr\/pro\/wp-json\/wp\/v2\/media?parent=685"}],"curies":[{"name":"wp","href":"https:\/\/api.w.org\/{rel}","templated":true}]}}